{"version":"1.0","type":"rich","width":"560px","height":"140px","title":"FFE037 Raus aus den St\u00e4llen! - Zum Winteranfang wird diskutiert, was uns im n\u00e4chsten Jahr mehr Tiere in artgerechte Haltung bringen k\u00f6nnte: die Weidepr\u00e4mie f\u00fcr Milchk\u00fche. Was bringt die?","url":"https:\/\/www.florianschwinn.de\/wordpress\/ffe37-raus-aus-den-staellen\/","author_name":"F\u00fchrerschein f\u00fcr Einkaufswagen - Hintergrundwissen f\u00fcr bewussten Konsum","author_url":"https:\/\/www.florianschwinn.de\/wordpress","thumbnail_url":"https:\/\/www.florianschwinn.de\/wordpress\/wp-content\/uploads\/2021\/08\/PodcastCover-1024x1024.jpg","html":"<iframe width=\"560px\" height=\"140px\" src=\"https:\/\/www.florianschwinn.de\/wordpress\/ffe37-raus-aus-den-staellen\/?standalonePlayer\"><\/iframe>"}

FFE037 Raus aus den Ställen! - Zum Winteranfang wird diskutiert, was uns im nächsten Jahr mehr Tiere in artgerechte Haltung bringen könnte: die Weideprämie für Milchkühe. Was bringt die?

Führerschein für Einkaufswagen - Hintergrundwissen für bewussten Konsum
